actor of 28393?
False
Is 2278 a multiple of 10?
False
Is 5 a factor of 375?
True
Does 85 divide 1445?
True
Is 65 a factor of 731?
False
Is 10 a factor of 453?
False
Does 18 divide 37728?
True
Is 4466 a multiple of 20?
False
Is 261 a multiple of 5?
False
Does 68 divide 12917?
False
Does 5 divide 28?
False
Is 1284 a multiple of 6?
True
Is 6544 a multiple of 16?
True
Is 280 a multiple of 40?
True
Is 19 a factor of 30752?
False
Is 4882 a multiple of 12?
False
Is 24 a factor of 5813?
False
Does 55 divide 1320?
True
Does 18 divide 3817?
False
Does 2 divide 456?
True
Is 8 a factor of 22864?
True
Is 2760 a multiple of 92?
True
Is 1830 a multiple of 30?
True
Does 27 divide 1848?
False
Is 28 a factor of 19320?
True
Is 3 a factor of 120?
True
Is 10 a factor of 2613?
False
Is 2094 a multiple of 87?
False
Is 10 a factor of 35037?
False
Is 15 a factor of 900?
True
Is 30360 a multiple of 115?
True
Does 26 divide 6370?
True
Does 55 divide 5335?
True
Does 10 divide 893?
False
Does 27 divide 459?
True
Is 30 a factor of 17940?
True
Does 18 divide 2150?
False
Does 30 divide 31?
False
Is 13 a factor of 11700?
True
Does 38 divide 3620?
False
Is 198 a factor of 24656?
False
Is 824 a multiple of 36?
False
Is 301 a multiple of 43?
True
Is 12385 a multiple of 147?
False
Is 35686 a multiple of 198?
False
Does 19 divide 513?
True
Is 113 a multiple of 18?
False
Is 42 a factor of 2090?
False
Is 10 a factor of 1950?
True
Does 6 divide 972?
True
Does 54 divide 810?
True
Does 2 divide 51?
False
Does 166 divide 19384?
False
Is 78576 a multiple of 16?
True
Does 148 divide 14356?
True
Is 321 a multiple of 2?
False
Is 79 a factor of 3476?
True
Is 7655 a multiple of 27?
False
Is 1148 a multiple of 7?
True
Does 184 divide 29980?
False
Is 315 a multiple of 5?
True
Does 25 divide 16175?
True
Is 2155 a multiple of 6?
False
Does 10 divide 5333?
False
Does 137 divide 8157?
False
Does 13 divide 589?
False
Does 28 divide 364?
True
Is 21 a factor of 891?
False
Is 64 a factor of 64?
True
Is 26 a factor of 2492?
False
Does 65 divide 2680?
False
Is 5 a factor of 251?
False
Is 14 a factor of 4368?
True
Does 25 divide 13225?
True
Is 3920 a multiple of 16?
True
Does 22 divide 857?
False
Is 395 a factor of 80580?
True
Is 169 a multiple of 4?
False
Does 12 divide 8244?
True
Does 57 divide 1185?
False
Does 22 divide 726?
True
Does 10 divide 8351?
False
Does 164 divide 26307?
False
Does 14 divide 94822?
True
Is 15 a factor of 4005?
True
Does 22 divide 10582?
True
Does 15 divide 14258?
False
Is 24 a factor of 240?
True
Is 11039 a multiple of 19?
True
Is 43 a factor of 9107?
False
Is 56 a factor of 1344?
True
Is 13393 a multiple of 59?
True
Is 585 a multiple of 7?
False
Is 59 a factor of 531?
True
Is 4 a factor of 1120?
True
Is 12 a factor of 13101?
False
Is 81 a factor of 77219?
False
Is 11346 a multiple of 93?
True
Is 1729 a multiple of 19?
True
Is 19550 a multiple of 36?
False
Is 9 a factor of 3537?
True
Does 19 divide 19?
True
Does 46 divide 6992?
True
Is 1241 a multiple of 9?
False
Is 222 a factor of 13542?
True
Is 4518 a multiple of 154?
False
Is 36 a factor of 18079?
False
Is 88 a multiple of 4?
True
Is 203 a factor of 66613?
False
Is 137 a factor of 22057?
True
Does 16 divide 1968?
True
Is 540 a multiple of 3?
True
Is 3 a factor of 157?
False
Is 16291 a multiple of 89?
False
Is 73 a factor of 21683?
False
Is 4023 a multiple of 10?
False
Is 6986 a multiple of 14?
True
Is 26 a factor of 356?
False
Does 4 divide 568?
True
Does 7 divide 1211?
True
Is 10378 a multiple of 3?
False
Is 6744 a multiple of 8?
True
Does 5 divide 9280?
True
Is 5472 a multiple of 38?
True
Is 85 a factor of 2457?
False
Does 18 divide 139302?
True
Does 37 divide 666?
True
Is 10 a factor of 556?
False
Is 13 a factor of 24774?
False
Is 22 a factor of 2904?
True
Is 33 a factor of 12408?
True
Does 40 divide 7609?
False
Is 780 a multiple of 20?
True
Is 41096 a multiple of 22?
True
Is 136 a factor of 4917?
False
Is 18 a factor of 570?
False
Is 148 a multiple of 2?
True
Is 152 a multiple of 5?
False
Is 117 even?
False
Is 7 a factor of 117?
False
Is 46 a factor of 831?
False
Is 22194 a multiple of 54?
True
Is 15 a factor of 2301?
False
Does 32 divide 4240?
False
Does 18 divide 162?
True
Is 16 a factor of 4214?
False
Is 7 a factor of 245?
True
Does 270 divide 15154?
False
Is 24 a factor of 1280?
False
Is 5 a multiple of 4?
False
Is 1204 a multiple of 19?
False
Is 624 a multiple of 62?
False
Is 3 a factor of 177?
True
Is 870 a multiple of 5?
True
Is 41 a factor of 2337?
True
Is 75 a factor of 375?
True
Is 5548 a multiple of 76?
True
Does 216 divide 87555?
False
Is 286 a multiple of 2?
True
Is 5 a factor of 770?
True
Is 4 a factor of 596?
True
Does 91 divide 8031?
False
Is 4942 a multiple of 4?
False
Is 4 a factor of 12680?
True
Is 281 a factor of 12364?
True
Is 97 a multiple of 10?
False
Is 1849 a multiple of 42?
False
Does 9 divide 3154?
False
Is 154 a factor of 15230?
False
Is 53 a factor of 14575?
True
Is 32 a factor of 440?
False
Does 17 divide 6698?
True
Is 3420 a multiple of 22?
False
Is 3198 a multiple of 26?
True
Is 8 a factor of 142?
False
Is 936 a multiple of 72?
True
Does 20 divide 8320?
True
Is 41 a factor of 187?
False
Is 61230 a multiple of 13?
True
Does 26 divide 16380?
True
Does 7 divide 224?
True
Is 47 a factor of 154?
False
Is 22278 a multiple of 47?
True
Is 1963 a multiple of 151?
True
Is 4276 a multiple of 4?
True
Is 1540 a multiple of 22?
True
Does 18 divide 92?
False
Is 101256 a multiple of 24?
True
Is 379 a multiple of 11?
False
Does 69 divide 2385?
False
Is 10203 a multiple of 19?
True
Does 8 divide 648?
True
Is 1037 a multiple of 34?
False
Is 43728 a multiple of 75?
False
Is 267 a multiple of 6?
False
Is 23110 a multiple of 5?
True
Is 5 a factor of 195?
True
Does 58 divide 4762?
False
Does 41 divide 58?
False
Is 2288 a multiple of 4?
True
Is 33647 a multiple of 12?
False
Does 37 divide 2687?
False
Does 182 divide 82277?
False
Is 270 a multiple of 49?
False
Does 68 divide 3941?
False
Is 4 a factor of 452?
True
Is 146 a factor of 2574?
False
Is 527 a multiple of 15?
False
Is 23 a factor of 15870?
True
Is 322 a factor of 4651?
False
Does 250 divide 107750?
True
Is 14973 a multiple of 114?
False
Does 5 divide 230?
True
Does 7 divide 924?
True
Does 19 divide 19?
True
Is 89138 a multiple of 7?
True
Is 22722 a multiple of 119?
False
Is 979 a multiple of 20?
False
Is 1126 a multiple of 12?
False
Is 561 a multiple of 7?
False
Does 14 divide 968?
False
Is 29972 a multiple of 42?
False
Is 46 a factor of 39626?
False
Is 5 a factor of 545?
True
Does 37 divide 851?
True
Does 12 divide 4119?
False
Is 39060 a multiple of 20?
True
Is 144 a multiple of 16?
True
Is 4940 a multiple of 10?
True
Is 27 a factor of 3866?
False
Is 16531 a multiple of 29?
False
Is 9 a factor of 684?
True
Does 20 divide 480?
True
Does 26 divide 104?
True
Is 123490 a multiple of 53?
True
Does 12 divide 219?
False
Is 42 a factor of 925?
False
Is 8328 a multiple of 8?
True
Is 23 a factor of 460?
True
Is 12 a factor of 144?
True
Is 556 a multiple of 4?
True
Is 81 a factor of 15283?
False
Does 19 divide 37598?
False
Is 11777 a multiple of 7?
False
Does 53 divide 33337?
True
Does 130 divide 4295?
False
Is 567 a multiple of 9?
True
Does 25 divide 925?
True
Does 46 divide 4194?
False
Is 1980 a multiple of 18?
True
Does 20 divide 840?
True
Is 103180 a multiple of 134?
True
Is 28 a factor of 67?
False
Does 29 divide 333?
False
Is 12100 a multiple of 20?
True
Is 56 a factor of 560?
True
Does 84 divide 1427?
False
Is 18 a factor of 2322?
True
Is 9 a factor of 5940?
True
Is 9 a factor of 114?
False
Is 22 a factor of 703?
False
Does 9 divide 3376?
False
Is 226 a factor of 23730?
True
Is 234 a multiple of 7?
False
Is 2 a factor of 6?
True
Is 287 a factor of 12164?
False
Does 81 divide 5001?
False
Is 678 a multiple of 22?
False
Does 3 divide 442?
False
Does 39 divide 1337?
False
Is 68 a factor of 1156?
True
Is 16 a factor of 923?
False
Is 22 a factor of 3960?
True
Is 5418 a multiple of 43?
True
Is 1023 a multiple of 4?
False
Is 2258 a multiple of 3?
False
Does 26 divide 145?
False
Is 360 a multiple of 12?
True
Does 5 divide 1617?
False
Is 98 a multiple of 2?
True
Is 23103 a multiple of 11?
False
Is 15 a factor of 915?
True
Does 23 divide 2162?
True
Does 54 divide 